) to base 6
15332
-5 (base 13) to base 3
-12
Convert -16400 (base 8) to base 10.
-7424
What is 20155 (base 8) in base 2?
10000001101101
3632 (base 13) to base 12
4512
Convert 30323 (base 4) to base 8.
1473
What is -11000 (base 3) in base 12?
-90
What is 1465 (base 9) in base 6?
5052
Convert -3c7a (base 13) to base 3.
-102221222
Convert -11032213 (base 4) to base 11.
-150a9
8a6 (base 13) to base 11
1133
-41b7 (base 13) to base 14
-3467
Convert 100101100010100 (base 2) to base 6.
224552
What is -9ba (base 14) in base 15?
-888
Convert 13403 (base 5) to base 14.
58b
-4002 (base 8) to base 4
-200002
26a (base 12) to base 15
19a
What is 75323 (base 8) in base 6?
401323
What is 1142332 (base 5) in base 14?
7c24
Convert 110001000 (base 2) to base 11.
327
What is -20102 (base 3) in base 11?
-148
-1450 (base 7) to base 10
-574
Convert 9232 (base 12) to base 14.
5b02
What is 124562 (base 7) in base 13?
a790
201210 (base 3) to base 9
653
30312 (base 4) to base 11
688
Convert 3b40 (base 15) to base 2.
11000101110100
226 (base 11) to base 13
17a
Convert -12705 (base 8) to base 4.
-1113011
What is 1 (base 2) in base 5?
1
-40251 (base 6) to base 11
-3a77
What is -1874 (base 9) in base 8?
-2644
-1044 (base 6) to base 16
-f4
What is 1a75 (base 15) in base 7?
22502
Convert b63 (base 15) to base 16.
a08
12645 (base 7) to base 12
1b86
What is 524 (base 8) in base 11?
28a
4815 (base 16) to base 7
104541
2167 (base 10) to base 5
32132
What is -b7 (base 13) in base 9?
-176
57234 (base 8) to base 10
24220
What is 10100111001101 (base 2) in base 5?
320301
Convert 2a7 (base 13) to base 16.
1db
Convert 4764 (base 11) to base 10.
6241
Convert 1084a (base 12) to base 6.
245334
709 (base 14) to base 12
971
Convert 10140 (base 5) to base 13.
3c7
-1932 (base 13) to base 10
-3759
Convert cb5 (base 14) to base 4.
213033
Convert -11111000100011 (base 2) to base 10.
-15907
Convert -11101100001 (base 2) to base 3.
-2120222
What is 3766 (base 11) in base 7?
20215
-10764 (base 10) to base 15
-32c9
986 (base 11) to base 2
10010011111
-1111101011 (base 2) to base 4
-33223
-570a (base 11) to base 16
-1d58
Convert 13238 (base 10) to base 4.
3032312
3a71 (base 16) to base 4
3221301
-176 (base 12) to base 15
-109
Convert -1446 (base 11) to base 9.
-2502
Convert 101d (base 14) to base 2.
101011010011
Convert -5b5 (base 14) to base 11.
-946
What is 201 (base 13) in base 12?
243
What is -2358a (base 12) in base 6?
-1003454
Convert -21050 (base 6) to base 16.
-b16
What is 6340 (base 10) in base 8?
14304
Convert 5351 (base 9) to base 8.
7536
286 (base 11) to base 16
150
Convert -738 (base 9) to base 6.
-2442
Convert -c06 (base 13) to base 7.
-5634
Convert 1152 (base 9) to base 3.
1011202
Convert -3311 (base 6) to base 12.
-537
What is -10937 (base 14) in base 12?
-1b345
What is 1213402 (base 6) in base 9?
107172
What is -103242 (base 5) in base 2?
-110111110100
Convert 621 (base 10) to base 16.
26d
Convert -9b (base 13) to base 16.
-80
-ca7 (base 14) to base 15
-b19
Convert -22c (base 13) to base 9.
-457
What is 111001100011 (base 2) in base 9?
5042
What is 1734 (base 8) in base 5?
12423
-211221 (base 3) to base 15
-2b4
What is -3540 (base 9) in base 13?
-1272
What is -3267 (base 8) in base 16?
-6b7
What is 345 (base 10) in base 12?
249
Convert -30634 (base 7) to base 8.
-16542
6038 (base 13) to base 4
3032231
Convert -30001 (base 4) to base 2.
-1100000001
What is -31 (base 16) in base 10?
-49
What is -1473 (base 10) in base 5?
-21343
What is -366 (base 8) in base 10?
-246
Convert -255 (base 13) to base 4.
-12120
Convert -221424 (base 5) to base 8.
-17073
10b0 (base 15) to base 3
11212010
Convert 6de6 (base 15) to base 12.
11653
Convert 3d3b (base 15) to base 9.
18872
What is -2120 (base 5) in base 9?
-346
Convert 110010021 (base 3) to base 11.
6703
412 (base 5) to base 12
8b
What is 702 (base 8) in base 5?
3300
Convert 31a75 (base 12) to base 5.
4043330
Convert -1110122 (base 3) to base 8.
-2056
What is -1001111011 (base 2) in base 3?
-212112
Convert 1110101110011 (base 2) to base 16.
1d73
What is -40b (base 12) in base 13?
-362
3615 (base 7) to base 16
537
-10101101001000 (base 2) to base 5
-323310
Convert 134143 (base 5) to base 8.
12654
What is 23356 (base 7) in base 12?
3597
Convert 27101 (base 8) to base 3.
121020120
13341 (base 5) to base 6
5024
1702 (base 13) to base 5
102012
Convert -173 (base 12) to base 10.
-231
What is 1223210 (base 5) in base 10?
23555
Convert -333541 (base 7) to base 10.
-58927
What is -144404 (base 5) in base 16?
-1855
What is -121211 (base 3) in base 5?
-3304
Convert 988 (base 12) to base 5.
21100
-21d (base 16) to base 4
-20131
What is -6133 (base 10) in base 9?
-8364
What is 11113233 (base 4) in base 15?
67b9
Convert 31086 (base 9) to base 5.
1123430
Convert -4114 (base 5) to base 16.
-216
What is 1142 (base 8) in base 12?
42a
Convert -10210 (base 3) to base 16.
-66
Convert -2131101 (base 4) to base 8.
-23521
What is 727b (base 16) in base 8?
71173
Convert 5893 (base 10) to base 2.
1011100000101
Convert bfcc (base 16) to base 5.
3032400
What is 16486 (base 13) in base 3?
2011100011
Convert -cf (base 16) to base 8.
-317
What is -1010100011101 (base 2) in base 12?
-3165
-11343 (base 5) to base 10
-848
140041 (base 6) to base 7
52600
Convert -10001001110 (base 2) to base 10.
-1102
Convert 1304 (base 6) to base 5.
2303
What is 166 (base 11) in base 2?
11000001
What is -1a366 (base 11) in base 3?
-1102221100
352 (base 7) to base 11
158
What is -200020102 (base 3) in base 13?
-6089
What is 5a82 (base 13) in base 9?
18471
-1077 (base 12) to base 11
-1404
Convert 18453 (base 9) to base 5.
402030
126 (base 15) to base 13
171
Convert -110674 (base 9) to base 8.
-201163
-11003 (base 6) to base 4
-113223
Convert 8b8 (base 13) to base 12.
a53
-6b3 (base 16) to base 15
-795
What is -2003 (base 6) in base 12?
-303
What is -52d (base 15) in base 5?
-14133
-24996 (base 10) to base 11
-17864
3634 (base 11) to base 10
4756
-135d (base 14) to base 5
-102130
Convert -51512 (base 6) to base 2.
-1101011100100
Convert 410 (base 8) to base 2.
100001000
259 (base 11) to base 12
216
Convert 11111000111100 (base 2) to base 13.
7337
What is -1075 (base 9) in base 11?
-665
Convert 626 (base 9) to base 15.
240
182 (base 9) to base 14
b1
312 (base 10) to base 5
2222
-5252 (base 6) to base 8
-2240
-dc0b (base 16) to base 3
-2212021100
358 (base 9) to base 5
2141
11111010010011 (base 2) to base 6
202055
Convert -8246 (base 15) to base 5.
-1340031
Convert 148 (base 11) to base 2.
10101101
Convert -2cb (base 15) to base 13.
-3a4
What is -5025 (base 13) in base 14?
-402c
Convert -22342 (base 5) to base 9.
-2164
What is -3133231 (base 4) in base 10?
-14317
-194 (base 15) to base 11
-301
Convert 43535 (base 6) to base 2.
1011110010011
67705 (base 9) to base 15
d52b
100031 (base 4) to base 7
3011
Convert 805 (base 16) to base 6.
13301
Convert 106 (base 14) to base 11.
174
What is 1001000110010 (base 2) in base 4?
1020302
What is -190 (base 13) in base 16?
-11e
What is 721 (base 9) in base 8?
1112
What is -1a02 (base 13) in base 3?
-12100001
Convert -2200 (base 7) to base 12.
-554
Convert -2469 (base 10) to base 12.
-1519
Convert 21119 (base 13) to base 8.
164166
Convert 286 (base 13) to base 11.
378
Convert -114 (base 12) to base 15.
-aa
Convert -303101 (base 4) to base 16.
-cd1
Convert 21341 (base 5) to base 11.
1118
Convert 2536 (base 9) to base 6.
12440
Convert -561 (base 14) to base 2.
-10000101001
Convert bd (base 15) to base 2.
10110010
Convert 7477 (base 9) to base 3.
21112121
What is 15c6 (base 13) in base 16?
c84
Convert 110100110101100 (base 2) to base 3.
1101002221
-2162 (base 7) to base 10
-779
1111211111 (base 3) to base 16
7447
21122132 (base 4) to base 14
100a2
-3552 (base 6) to base 8
-1534
Convert -110011111111101 (base 2) to base 12.
-134a5
What is -657 (base 16) in base 14?
-83d
-3cc (base 15) to base 14
-45d
What is 2372 (base 8) in base 13?
770
Convert -111000000 (base 2) to base 8.
-700
Convert 1443 (base 7) to base 10.
570
93 (base 10) to base 3
10110
Convert 381 (base 13) to base 9.
750
What is -3357 (base 9) in base 4?
-212302
Convert -2104 (base 12) to base 7.
-13336
What is -40067 (base 8) in base 14?
-5dc3
13521 (base 6) to base 9
2834
What is -137b (base 14) in bas